nder when 532 is divided by 163?
43
Calculate the remainder when 89 is divided by 15.
14
What is the remainder when 21 is divided by 1?
0
What is the remainder when 2440 is divided by 49?
39
Calculate the remainder when 69 is divided by 40.
29
Calculate the remainder when 2155 is divided by 714.
13
What is the remainder when 863 is divided by 48?
47
Calculate the remainder when 59 is divided by 5.
4
What is the remainder when 1648 is divided by 87?
82
What is the remainder when 18 is divided by 14?
4
Calculate the remainder when 3429 is divided by 44.
41
Calculate the remainder when 322 is divided by 82.
76
Calculate the remainder when 1711 is divided by 26.
21
Calculate the remainder when 1744 is divided by 6.
4
What is the remainder when 283 is divided by 72?
67
What is the remainder when 360 is divided by 14?
10
Calculate the remainder when 105 is divided by 9.
6
What is the remainder when 72 is divided by 31?
10
What is the remainder when 232 is divided by 223?
9
What is the remainder when 5041 is divided by 5030?
11
What is the remainder when 203 is divided by 74?
55
What is the remainder when 695 is divided by 24?
23
What is the remainder when 703 is divided by 334?
35
What is the remainder when 261 is divided by 52?
1
What is the remainder when 26882 is divided by 103?
102
What is the remainder when 9 is divided by 4?
1
Calculate the remainder when 228 is divided by 142.
86
What is the remainder when 1533 is divided by 19?
13
What is the remainder when 204 is divided by 5?
4
Calculate the remainder when 2445 is divided by 51.
48
What is the remainder when 178 is divided by 13?
9
Calculate the remainder when 267 is divided by 204.
63
Calculate the remainder when 26 is divided by 19.
7
Calculate the remainder when 41 is divided by 34.
7
Calculate the remainder when 743 is divided by 83.
79
What is the remainder when 379 is divided by 13?
2
What is the remainder when 2004 is divided by 61?
52
What is the remainder when 2480 is divided by 73?
71
Calculate the remainder when 233 is divided by 70.
23
What is the remainder when 3013 is divided by 67?
65
What is the remainder when 2294 is divided by 2?
0
Calculate the remainder when 275 is divided by 95.
85
What is the remainder when 166 is divided by 8?
6
Calculate the remainder when 22446 is divided by 11.
6
What is the remainder when 25 is divided by 12?
1
What is the remainder when 472 is divided by 14?
10
Calculate the remainder when 171 is divided by 30.
21
Calculate the remainder when 39 is divided by 25.
14
What is the remainder when 220 is divided by 6?
4
Calculate the remainder when 270 is divided by 46.
40
Calculate the remainder when 134 is divided by 84.
50
Calculate the remainder when 1994 is divided by 37.
33
What is the remainder when 346 is divided by 44?
38
Calculate the remainder when 1662 is divided by 8.
6
What is the remainder when 76 is divided by 3?
1
Calculate the remainder when 1079 is divided by 35.
29
Calculate the remainder when 111 is divided by 53.
5
What is the remainder when 2419 is divided by 20?
19
Calculate the remainder when 2060 is divided by 205.
10
What is the remainder when 12968 is divided by 7?
4
What is the remainder when 997 is divided by 25?
22
Calculate the remainder when 438 is divided by 10.
8
Calculate the remainder when 1273 is divided by 29.
26
What is the remainder when 281 is divided by 57?
53
Calculate the remainder when 130 is divided by 40.
10
Calculate the remainder when 663 is divided by 98.
75
Calculate the remainder when 1196 is divided by 167.
27
What is the remainder when 116 is divided by 48?
20
Calculate the remainder when 756 is divided by 102.
42
What is the remainder when 1687 is divided by 18?
13
What is the remainder when 3771 is divided by 111?
108
What is the remainder when 4745 is divided by 47?
45
What is the remainder when 34 is divided by 7?
6
What is the remainder when 212 is divided by 9?
5
Calculate the remainder when 500 is divided by 12.
8
Calculate the remainder when 820 is divided by 104.
92
Calculate the remainder when 5919 is divided by 79.
73
Calculate the remainder when 309 is divided by 4.
1
What is the remainder when 79 is divided by 14?
9
Calculate the remainder when 418 is divided by 10.
8
Calculate the remainder when 44 is divided by 42.
2
What is the remainder when 131 is divided by 19?
17
Calculate the remainder when 286 is divided by 91.
13
Calculate the remainder when 474 is divided by 134.
72
What is the remainder when 291 is divided by 75?
66
What is the remainder when 242 is divided by 117?
8
Calculate the remainder when 81 is divided by 42.
39
What is the remainder when 200 is divided by 13?
5
What is the remainder when 3353 is divided by 39?
38
Calculate the remainder when 1813 is divided by 33.
31
Calculate the remainder when 93 is divided by 45.
3
Calculate the remainder when 575 is divided by 64.
63
Calculate the remainder when 21825 is divided by 74.
69
Calculate the remainder when 739 is divided by 239.
22
Calculate the remainder when 271 is divided by 12.
7
What is the remainder when 208 is divided by 74?
60
Calculate the remainder when 757 is divided by 376.
5
What is the remainder when 679 is divided by 43?
34
Calculate the remainder when 597 is divided by 94.
33
What is the remainder when 371 is divided by 21?
14
What is the remainder when 105 is divided by 4?
1
What is the remainder when 458 is divided by 206?
46
What is the remainder when 74 is divided by 12?
2
What is the remainder when 197 is divided by 51?
44
Calculate the remainder when 710 is divided by 41.
13
What is the remainder when 506 is divided by 13?
12
What is the remainder when 1037 is divided by 27?
11
Calculate the remainder when 566 is divided by 33.
5
Calculate the remainder when 7615 is divided by 121.
113
Calculate the remainder when 103 is divided by 48.
7
What is the remainder when 278 is divided by 36?
26
Calculate the remainder when 117 is divided by 15.
12
Calculate the remainder when 79 is divided by 28.
23
Calculate the remainder when 370 is divided by 76.
66
Calculate the remainder when 337 is divided by 40.
17
Calculate the remainder when 947 is divided by 306.
29
What is the remainder when 143 is divided by 12?
11
Calculate the remainder when 142 is divided by 138.
4
Calculate the remainder when 95 is divided by 23.
3
Calculate the remainder when 24 is divided by 11.
2
What is the remainder when 2480 is divided by 1227?
26
What is the remainder when 378 is divided by 43?
34
What is the remainder when 124 is divided by 7?
5
What is the remainder when 571 is divided by 193?
185
What is the remainder when 52 is divided by 1?
0
Calculate the remainder when 429 is divided by 213.
3
Calculate the remainder when 607 is divided by 32.
31
What is the remainder when 136 is divided by 7?
3
Calculate the remainder when 6391 is divided by 39.
34
What is the remainder when 173 is divided by 70?
33
Calculate the remainder when 140 is divided by 83.
57
Calculate the remainder when 120 is divided by 68.
52
What is the remainder when 64 is divided by 13?
12
Calculate the remainder when 8547 is divided by 57.
54
What is the remainder when 845 is divided by 223?
176
Calculate the remainder when 3744 is divided by 1868.
8
What is the remainder when 903 is divided by 128?
7
What is the remainder when 490 is divided by 124?
118
What is the remainder when 68 is divided by 52?
16
What is the remainder when 303 is divided by 102?
99
What is the remainder when 61 is divided by 16?
13
Calculate the remainder when 1070 is divided by 7.
6
What is the remainder when 28247 is divided by 113?
110
Calculate the remainder when 109 is divided by 23.
17
Calculate the remainder when 2794 is divided by 200.
194
What is the remainder when 382 is divided by 24?
22
What is the remainder when 1444 is divided by 44?
36
Calculate the remainder when 4607 is divided by 72.
71
Calculate the remainder when 1123 is divided by 178.
55
Calculate the remainder when 463 is divided by 155.
153
Calculate the remainder when 667 is divided by 650.
17
What is the remainder when 565 is divided by 79?
12
What is the remainder when 436 is divided by 125?
61
What is the remainder when 560 is divided by 11?
10
Calculate the remainder when 13982 is divided by 18.